2/(-5).
2, 7
Suppose 234 + 197 = -c. What are the prime factors of c/(-7) + (-27)/(-63)?
2, 31
Suppose -24 = -3*c - 9. Suppose 4*m + i = -215 + 36, c*m + 5*i = -235. Let g = m - -74. List the prime factors of g.
2, 3, 5
Suppose 0 = 13*s - 186192 + 69530. List the prime factors of s.
2, 7, 641
Suppose 5394 = -5*j + x, -2*j + 4*j + 3*x + 2144 = 0. Let h = j + 1797. What are the prime factors of h?
719
Let c be (-586)/12 - (-1)/(-6). Let t = 290 - 223. Let j = c + t. List the prime factors of j.
2, 3
Let y(d) = -13 + d**3 + 25*d - 13*d**2 - 11 + 0*d**2 - 2*d**2. What are the prime factors of y(14)?
2, 5, 13
Suppose -472 = -g - 4*i, -i - 2250 = -5*g + i. Suppose 0 = f + 5*q - 1658 + g, 0 = 2*f - 4*q - 2342. List the prime factors of f.
1181
Let i = 61 + -59. Suppose -i*h - 2*c + 2 = -8, -h = 2*c - 1. Suppose 4*u - h*u = -450. What are the prime factors of u?
2, 3, 5
Let q = 106 - 110. List the prime factors of (-4494)/(-10) + q + (-36)/(-10).
449
List the prime factors of (12616/48)/(-1 + 170/165)*8.
2, 11, 19, 83
Suppose 6*p + 38*p - 164599 = 200733. What are the prime factors of p?
19, 23
Suppose -731664 = -175*c + 1182136. List the prime factors of c.
2, 1367
Let j(k) = -k**3 - 11*k**2 - 28*k - 4. Let z be j(-7). What are the prime factors of 5/((-7 - z)/(-102)) - -5?
5, 7
Let s(q) = 48*q**2 + 28*q + 1491. What are the prime factors of s(-27)?
3, 11909
Let g be (-52203)/(-21) + 4/28. Let w = g + -761. What are the prime factors of w/11 - 2/(-11)*1?
157
Let f(w) = 6*w + 39. Let d(l) = 5*l**3 - 2*l**2 - 6*l + 5. Let u be d(3). Suppose -32 = 6*y - u. What are the prime factors of f(y)?
3, 37
Suppose 0 = 3*b - 6123 + 477. Let p = b - 1171. What are the prime factors of p?
3, 79
Suppose -5*w + 22*r + 1220 = 17*r, 5*w + r - 1232 = 0. Suppose -w + 2610 = 4*m. What are the prime factors of m?
3, 197
Let g = 1958 - 1137. List the prime factors of g.
821
Let l = 703 - -10141. List the prime factors of l.
2, 2711
What are the prime factors of (-131112)/(-360)*(-3 + (-33)/(-6))*88?
2, 3, 11, 607
Suppose 12*r - 141207 + 52758 = 47331. List the prime factors of r.
5, 31, 73
Let y(x) = 3804*x**2 - 290*x + 4. What are the prime factors of y(-4)?
2, 3, 1723
Suppose 8 = -41*u + 45*u. Suppose p - y = 1187, -332 - 852 = -p + u*y. What are the prime factors of p?
2, 5, 7, 17
Let b(h) = 3*h**2 + 24*h + 5. Let t be b(-8). Suppose -4*o - t*i = -701, -o - i = 4*i - 194. List the prime factors of o.
13
Let t be ((-3)/1)/(4*12/(-848)). Suppose -3*b + 46 + t = 0. List the prime factors of b.
3, 11
Let n(i) = 4*i**2 + 6*i + 18. Let a be n(7). List the prime factors of 2663/8 + 32/a.
3, 37
Let f(y) = 87*y**2 - 7*y - 3. Let q be f(4). Let o = q - 734. List the prime factors of o.
3, 11, 19
Suppose 2*m - 237221 + 11096 = -25*m. What are the prime factors of m?
5, 67
Suppose 26*v = 3*v - 115. What are the prime factors of v + (6 - (-2 + -120))?
3, 41
Suppose 0*w + q + 14 = w, 0 = 5*q. Suppose -w*u + 28 = -7*u. Suppose -u*b = -b - 6, -4*b + 222 = 2*j. What are the prime factors of j?
107
Suppose 4*a + 56869 = -5*c + 213806, -4*c + 125525 = -5*a. List the prime factors of c.
5, 6277
Let z = -24480 + 88444. What are the prime factors of z?
2, 15991
Let h = -96490 - -143057. List the prime factors of h.
46567
Suppose -89*b = -83*b - 108. Suppose b*v - 35*v = -1700. List the prime factors of v.
2, 5
Suppose -5*i = n + 1211 + 409, -2*n + 10 = 0. List the prime factors of i/(-13)*432/20.
2, 3, 5
Let k(t) = t**2 - 8*t - 3. Suppose -4*n + 19 + 17 = 0. Let d be k(n). What are the prime factors of 1364/33 - (-4)/d?
2, 3, 7
Suppose x + 103 = 4*h + 121, -5*h = -x + 22. Let b(u) be the first derivative of 29*u**2 + 17*u + 3. What are the prime factors of b(x)?
7, 19
Suppose -16*d = 3*k - 21*d + 144, -3*d + 224 = -5*k. Let q = 651 - k. What are the prime factors of q?
2, 347
Suppose 0 = 3*r - u - 79292, r + 7379 - 33805 = u. List the prime factors of r.
3, 11, 89
Suppose 2 = 13*j - 24. Suppose 3*l + l - 756 = -4*u, j*l + 3*u - 376 = 0. What are the prime factors of l?
191
Suppose 973*a - 875*a - 715890 = 0. What are the prime factors of a?
3, 5, 487
Let z(t) = 9*t**2 + 70*t - 1339. List the prime factors of z(42).
17477
Let r(q) = -14 + 611*q - 258 - 796*q. What are the prime factors of r(-9)?
7, 199
Let n(s) = -3*s - 81. Let z be n(-27). Suppose z = 2*g - 526 - 802. List the prime factors of g.
2, 83
Let n(a) = 3*a**3 - 5*a**2 - 4*a + 1. Let t = -199 - -205. List the prime factors of n(t).
5, 89
Let m(z) = z**3 - 33*z**2 - 1072*z + 403. What are the prime factors of m(62)?
5, 31, 293
Suppose -4*f + 69817 - 36478 = -73689. List the prime factors of f.
3, 991
List the prime factors of 49802 + 1 + 0 - (-1056)/(-96).
2, 389
Let f be (-38 - -696)*(-2)/4. Let b = 579 + f. What are the prime factors of b?
2, 5
Suppose -2*l = -29 + 19. Let y be 3 + (1 - (3 - l) - 4). Let a(u) = 10*u**3 - 4*u**2 - 2*u + 2. What are the prime factors of a(y)?
2, 31
Let m(q) = q**3 - 22*q**2 - 23*q - 6. Suppose -4*l + 115 = l. Let i be m(l). Let z(d) = 3*d**2 + 3*d - 9. List the prime factors of z(i).
3
Let h(v) = v**3 - 21*v**2 + 5*v - 1. Let k be -14*(-1)/(-2)*(-3)/1. Let o be h(k). Suppose 9*y - 5*y = o. List the prime factors of y.
2, 13
Let v = 41 - 41. Suppose 2*n - 2588 = -4*b, v*b = -b + 5*n + 658. Suppose o - 5*a = -a + 187, -4*a = 4*o - b. What are the prime factors of o?
167
List the prime factors of (-6 - (-35)/(-50)*-5)*-15782.
5, 13, 607
Suppose 38*c - 30 = 33*c. Suppose 0 = -c*b + 105 + 99. What are the prime factors of (5 + 2)*b/7?
2, 17
Let p(q) = 20*q + 101. Let h be p(-5). Let b(r) = 135*r**2 + r - 2. What are the prime factors of b(h)?
2, 67
Let y be 278/6 + 8/(-24). Suppose -6*v - 16 = -y. Suppose v*s - 186 = -11. List the prime factors of s.
5, 7
Let z be 326/2 + 4 + 25/(-5). Suppose -40*b + 44*b + 280 = 0. Let m = z + b. List the prime factors of m.
2, 23
List the prime factors of (-28)/(-266) - (8826149/(-152) + 32/(-256)).
58067
Suppose 4*y = 3*y + 5*z + 7, 5*z + 71 = 3*y. Suppose y*x - 20*x - 5544 = 0. List the prime factors of x.
2, 3, 7, 11
Let m(u) = -41*u**2 + 20*u + 5. Let k be 178/(-16) + (-2)/(-16). Let y(z) = -8*z**2 + 4*z + 1. Let f(v) = k*y(v) + 2*m(v). What are the prime factors of f(3)?
41
Let f be 5*-1*(-487)/5. Suppose -103 = -j + 2*c, -5*j = -c + 5*c - f. Suppose 2*s = -s + j. What are the prime factors of s?
3, 11
Suppose -3*m + 4*u = -44657, 7*m - 100441 - 3702 = -2*u. List the prime factors of m.
14879
Suppose 63*u - 4*n = 59*u + 104732, 0 = 3*u + 4*n - 78577. What are the prime factors of u?
3, 7, 29, 43
Let i(u) = 149*u**3 - 3*u**2 - 106*u + 217. List the prime factors of i(2).
3, 5, 79
Let g = -42 + -20. Let p(l) = -29*l + 8. Let c be p(5). Let k = g - c. What are the prime factors of k?
3, 5
Let j = -8143 - -9514. List the prime factors of j.
3, 457
Let z be (-174)/21 - 26/(-91). Let k(x) = x**2 + 2*x + 13. List the prime factors of k(z).
61
Let u = 3323 - 4790. Let d = -631 - u. What are the prime factors of d?
2, 11, 19
Let c = -11 + -64. Let l = c + 709. What are the prime factors of l?
2, 317
Let b(d) be the second derivative of -39*d**5/20 - d**4/6 - d**3/6 - d**2 + 12*d - 3. What are the prime factors of b(-2)?
2, 19
Let j(g) = g**3 + 32*g**2 + 3*g + 105. Let p be j(-32). What are the prime factors of 2 + (-52)/(-12)*p?
41
Suppose -10*o + 14*o = 30282 + 1278. List the prime factors of o.
2, 3, 5, 263
Let g(q) = -2*q**2 + 6*q - 3. Let y(k) = k**2 - 9*k + 7. Let r be y(7). Let o be g(r). Let s = o - -228. List the prime factors of s.
5, 17
Suppose 109 - 17 = 23*c. Suppose c*v - 12*q - 5952 = -8*q, 5*q + 1504 = v. What are the prime factors of v?
2, 7, 53
Let i(w) = -65*w - 11 - 5 - w**3 - 1 + 69*w. What are the prime factors of i(-7)?
2, 149
Let w(y) = y**3 + 3*y**2 - 5*y - 4. Let o be w(-4). Suppose -2*z + 5*z - 18 = o. Suppose -z*g + 273 = -93. List the prime factors of g.
61
Suppose 2*b = -2*z - 2, 0*z + b = 3*z + 15. List the prime factors of (92/(-115)*(-1930)/z)/(-2).
193
Let v = 102 - 108. What are the prime factors of -4 - ((-4608)/v)/(-6)?
2, 31
Let g = 102 - 97. Suppose -9 = 3*k - o, g*o + 14 = -2*k + 3*o. List the prime factors of 1 - -1 - -159*(k - -5).
7, 23
Suppose -5 = -4*c - 3*o, -3*c + 9 = -0*c - 3*o. Suppose 0 = c*g - 10*g + 4208. Let b = -373 